, 5
Let r(w) = -5*w + 41. Let m be 30/(-6) + 0 - 5. List the prime factors of r(m).
7, 13
Let p be (-542)/1*(-7 + 4 + 2). Suppose -4*h + 771 = 3*d, 3*h = 4*d + d + p. Suppose 0 = -3*w + 141 + h. What are the prime factors of w?
2, 5, 11
Let d(r) = -r**2 + 19*r - 1. Let y be d(19). Let p be (y - -9)*868/7. Suppose -5*u + 1157 + 38 = -4*m, 4*u + 4*m - p = 0. What are the prime factors of u?
3
Suppose -9*d + 7722 + 105525 = 0. What are the prime factors of d?
12583
Let j(n) = n**2 - 20*n + 82. Let m be j(15). Suppose 0 = -t + 6*x - m*x + 48, 3*t - 4*x - 130 = 0. List the prime factors of t.
2, 23
Let t = 33371 - 14966. What are the prime factors of t?
3, 5, 409
Let y(q) be the first derivative of 34*q**3/3 - q**2/2 - 3*q + 41. What are the prime factors of y(-3)?
2, 3, 17
Suppose 2*u + 1780 = 522. Let m = -398 - u. List the prime factors of m.
3, 7, 11
Suppose -190*n - 2832 = -191*n. Suppose -133*f = -127*f - n. List the prime factors of f.
2, 59
Let u(l) = -135*l**3 + 17*l**2 + 81*l + 1. List the prime factors of u(-4).
3, 7, 409
Let t(f) = 92*f**3 - 5*f**2 - 6*f + 28. What are the prime factors of t(4)?
2, 1453
Let p(n) be the second derivative of n**4/6 + 19*n**3/3 + 7*n**2/2 - 35*n. Let b be p(-27). Suppose -5*d - b = -1254. What are the prime factors of d?
163
Let b = -621 - -899. Suppose -2*w + 770 = b. List the prime factors of w.
2, 3, 41
Let f = -76 + 139. Let p = -60 + f. What are the prime factors of 120 - (2/(-4))/(p/(-6))?
7, 17
Suppose -15519 = -2*z + 3*m + 25853, -2*m - 82752 = -4*z. List the prime factors of z.
17, 1217
Let f(j) = -6*j + 155. Let a be f(31). Let u(m) = -m**3 - 31*m**2 - 46*m + 10. List the prime factors of u(a).
2, 359
Suppose -5*b + 11 - 91 = 0. Suppose 7*q - 477 = -302. What are the prime factors of 0 + q - (-8)/(b/6)?
2, 11
List the prime factors of (7 + 10361/(-65))/((-1)/35).
2, 3, 7, 127
Suppose u + 54 = 57, 2*x + 7 = 5*u. Suppose -14*z = -12*z - x*b - 44, -3*z - 2*b + 98 = 0. List the prime factors of z.
2, 3, 5
Suppose -40*z - 96327 = -73*z. Suppose -27*c = 3*q - 24*c - z, -3*q - 4*c = -2924. What are the prime factors of q?
2, 11
Let i(l) = l**2 - 4*l + 6. Let f be (-2)/(-7) + ((-36)/21)/6. Suppose f = -3*t - 5*v + 10, -2*t - v + 1 = 6. What are the prime factors of i(t)?
3, 17
Suppose -9*p - i = -11*p - 7, -5*p = -3*i + 17. Let z be (0 + (-2)/4)*-142. List the prime factors of z + 3 + p/1.
2, 5, 7
Let k(n) = 2*n**3 + n**2 - n + 1. Let q be k(1). Suppose 0 = -3*p + w + 4 + 8, 5*p = q*w + 20. Suppose -p*x + 75 = -x. List the prime factors of x.
5
Let h = -177 + 178. Let n(k) = 307*k**3 - k**2. List the prime factors of n(h).
2, 3, 17
Let m(r) = r**2 + 3*r + 2. Let h be m(-2). Suppose -4*c = 4, -4*c + 6 = -h*o + 2*o. Suppose 2*i - 34 = o*w, 92 = 4*i - w + 3*w. What are the prime factors of i?
2, 11
Let v = 33269 + -594. What are the prime factors of v?
5, 1307
Suppose -5*x + d + 85 = 0, d = 3*x - 47 - 2. Let i be 3/x + 292/(-24). List the prime factors of (i/4)/(9/(-51)).
17
Suppose -4*m = -0*m - 8. Let t be ((-1)/6)/(43/258). What are the prime factors of -5*62/m*t?
5, 31
List the prime factors of ((-13014)/44 - 264/(-968))*78/(-9).
13, 197
Suppose -11*f = -49845 - 18036. List the prime factors of f.
3, 11, 17
Let k = 13 - 8. Let j = -330 - -495. Suppose k*f = 2*f + j. List the prime factors of f.
5, 11
Let r(q) = 5*q**2 - 76*q - 19. Let k(t) = -t**2 + 15*t + 4. Let s(j) = 11*k(j) + 2*r(j). Suppose -7*v = -40*v + 103 + 161. What are the prime factors of s(v)?
2, 23
Let h = 50 + -12. Let s = h - 33. Suppose 4*r - s = 3. List the prime factors of r.
2
Let f(j) = 106*j**3 + 13*j**2 - 21*j + 37. List the prime factors of f(3).
2953
Let o = 20866 + 4422. What are the prime factors of o?
2, 29, 109
Suppose -5*w + 4*m + 9 = 0, 12 = 4*w - 4*m + 4. Let a(g) = 986*g**2 + 10*g - 9. What are the prime factors of a(w)?
3, 7, 47
Let s be -4 - -7 - (-12 + 9). List the prime factors of (54/9 - 4)/(s/4473).
3, 7, 71
Let i = -209 + 206. List the prime factors of 19/((-380)/(-4176)) + i/(-15).
11, 19
Let f be 9/(9/(-4)) + 12. Suppose -f*p + 11*p - 6 = 0. Suppose 5*l + 15 = 0, -33 = -y - 3*l + p*l. What are the prime factors of y?
2, 3
Let t(s) = -47*s**2 - 2*s - 4. Let j be t(-2). Let k = j - -558. List the prime factors of k.
2, 5, 37
Let x(a) = -a**2 - 23*a + 26. Let i be x(-24). Suppose -i*c = 3*h - 1327, 8*h + 2*c - 1766 = 4*h. What are the prime factors of h?
439
Suppose 0*j = j - 705. Let m = j + -400. Suppose -3*n = -2*q - q - 444, 2*n - m = -q. What are the prime factors of n?
151
Suppose 1815 = -3*i + 8067. Suppose -4*h - 4*g + i = g, 2*h - 1036 = -g. List the prime factors of h.
2, 3, 43
List the prime factors of -21 + (-501)/(-24) - 7569/(-8).
2, 11, 43
Suppose -28*x = -5*t - 30*x + 297419, t - 2*x = 59479. List the prime factors of t.
17, 3499
What are the prime factors of -8395*(-17 + 144/10)?
13, 23, 73
Let t(r) = 3*r - 12. Suppose 101*p - 16 = 99*p. List the prime factors of t(p).
2, 3
Let c(d) = d**3 + 3*d**2 - 7*d - 10. Let u be c(-4). Suppose 4*o - 2*s - 16 = 0, -u*o + 7 + 9 = -3*s. List the prime factors of (o - 0)*300/10.
2, 3, 5
Suppose -3*j + 2847 = 5*l, 809 = 2*l + 4*j - 341. What are the prime factors of ((-1620)/l)/((-4)/182)?
2, 5, 13
Let u = 461 - 429. Let d(q) = -2*q**3 + 66*q**2 - 25*q + 42. List the prime factors of d(u).
2, 3, 5, 43
Let q(x) = 9*x**2 - 14*x + 107. Let d = 41 - 32. What are the prime factors of q(d)?
2, 5, 71
Suppose 4*m = 15*m - 73095. What are the prime factors of m?
3, 5, 443
Let w = 41 - 40. Let q be 0/((4/(-2))/w) + 104. List the prime factors of (-16)/q + (-1302)/(-13).
2, 5
Let b(f) = -f**3 - 3*f**2 + 9*f - 6. Let g be b(-5). What are the prime factors of (-5)/g + 0 + 773?
2, 389
What are the prime factors of (-3)/(-9) - (251552/(-48) + -13)?
2, 37, 71
Let s = -255 - -272. Let p(z) = -z**3 + 21*z**2 - 20*z - 5. List the prime factors of p(s).
811
Let v(n) = -n + 9. Let o be v(14). Let i(g) = -5*g**2 + 9*g + 10. Let t(h) = 3*h**2 - 6*h - 7. Let s(z) = o*i(z) - 7*t(z). What are the prime factors of s(-3)?
2, 11
Let m = 1056 - 221. Let s = m - 831. List the prime factors of s.
2
Let r be (2 - 10/4)*-108. Suppose -2*c - 50 = -2*p, -2*p + c + 0 + r = 0. Suppose 3*k - 22 - p = 0. What are the prime factors of k?
17
Let r(b) = -b**3 - 10*b**2 + 7*b - 11. Let v be r(-11). Let x = v + -31. Suppose 6*h - 372 = x*h. List the prime factors of h.
3, 31
Let s(p) = p**3 - 21*p**2 - 30*p - 4. Suppose -6*n = -14*n + 176. Let k be s(n). Let c = -85 - k. List the prime factors of c.
5, 19
Let x be 2033/(-38)*(0 - -2). Let r = -71 - x. List the prime factors of 6/(-27) + (2564/r - 2).
3, 23
Let f(b) = 832*b + 256. Let l be f(-5). What are the prime factors of l/(-4) + -2 + 4?
2, 3, 163
Suppose -2*q = -5*b + 29759, 3*b + 5*q - 9*q = 17847. What are the prime factors of b?
5953
Let z = -91 + 95. What are the prime factors of (z + 678/2)*1?
7
What are the prime factors of ((-404)/6)/(17 + 5526/(-324))?
2, 3, 101
Suppose -64*r - 330910 = -1527518. What are the prime factors of r?
7, 2671
Let i(d) = -52*d**2 + 20*d + 1. Let x be i(-3). Let n = 874 + x. List the prime factors of n.
347
Let x be (106/4)/(7/(-28)). Let i be (-162*2)/(7 + -8 + -1). Let t = i + x. What are the prime factors of t?
2, 7
Let o = 1537 + 133. Let n = o + -1190. List the prime factors of n.
2, 3, 5
Suppose 4*z - 5*h + 235 = 0, -z - 15 = 3*h + 65. List the prime factors of (-1)/(2573/(-1542) + z/(-39)).
2, 257
Suppose -6*u + 270 = -4*u. Let y be (u/42*-8)/((-8)/84). Suppose -2*b + 370 = 4*i, 3*i - 6*i = -b - y. What are the prime factors of i?
7, 13
Let x = 468 + -143. Let r = -283 + x. What are the prime factors of r?
2, 3, 7
Suppose 250 = i + 2*p, -14*i + 4*p = -10*i - 1036. Suppose -251*o - 4040 = -i*o. List the prime factors of o.
2, 101
List the prime factors of 10290 + ((-786)/(-99) - 4/(-66)).
2, 19, 271
Let j(u) = 2872*u + 140. What are the prime factors of j(1)?
2, 3, 251
Let b(d) = d**2 - 27*d - 82. Let q be b(37). Let m = q + -162. List the prime factors of m.
2, 3, 7
Let i = -34592 + 68585. List the prime factors of i.
3, 1259
Let p(j) be the third derivative of j**4/24 + 2*j**3 + 12*j**2. Let g be p(-8). Suppose g*r - 224 = -4*r. List the prime factors of r.
2, 7
Let r(n) = -n**3 - 42*n**2 - 2*n + 99. What 